{"id":9,"date":"2017-06-22T14:14:01","date_gmt":"2017-06-22T12:14:01","guid":{"rendered":"http:\/\/localhost\/gloser\/?page_id=9"},"modified":"2018-10-12T08:19:21","modified_gmt":"2018-10-12T06:19:21","slug":"kontakt","status":"publish","type":"page","link":"https:\/\/www.gloser.de\/start\/kontakt\/","title":{"rendered":"Kontakt"},"content":{"rendered":"<table>\n<tbody>\n<tr>\n<td style=\"vertical-align: top;\">Einfach QR-Code scannen und<br \/>\nunsere Adressdaten bequem auf<br \/>\nIhr Smartphone \u00fcbertragen.<\/td>\n<td><img loading=\"lazy\" decoding=\"async\" class=\"\" src=\"https:\/\/www.gloser.de\/start\/wp-content\/uploads\/2018\/10\/qrcode.png\" alt=\"\" width=\"145\" height=\"145\" \/><\/td>\n<\/tr>\n<tr>\n<td>Postanschrift<\/td>\n<td>GLOSER GmbH<br \/>\nGrombacher Stra\u00dfe 64<br \/>\nD-75045 Walzbachtal<\/td>\n<\/tr>\n<tr>\n<td>Telefon<\/td>\n<td>+49 7203 9 24 93-0<\/td>\n<\/tr>\n<tr>\n<td>Telefax<\/td>\n<td>+49 7203 9 24 93-29<\/td>\n<\/tr>\n<tr>\n<td>E-Mail<\/td>\n<td><a href=\"https:\/\/www.gloser.de\/start\/anfrage-stellen\/anfrage-gerueststellung\/\">info@gloser.de<\/a><\/td>\n<\/tr>\n<tr>\n<td>Internet-Adresse<\/td>\n<td><a href=\"http:\/\/www.gloser.de\">www.gloser.de<\/a><\/td>\n<\/tr>\n<tr>\n<td>\u00d6ffnungszeiten B\u00fcro<\/td>\n<td>Montag &#8211; Donnerstag<br \/>\n<span class=\"op-period-time \">7:00 &#8211; 15:45 Uhr<br \/>\nFreitags<br \/>\n7<\/span><span class=\"op-period-time \">:00 &#8211; 14:30 Uhr<\/span><\/td>\n<\/tr>\n<\/tbody>\n<\/table>\n<p><iframe loading=\"lazy\" style=\"border: 0;\" src=\"https:\/\/www.google.com\/maps\/embed?pb=!1m14!1m8!1m3!1d2615.555950104435!2d8.579533999999999!3d49.038052!3m2!1i1024!2i768!4f13.1!3m3!1m2!1s0x47970a718e30ec25%3A0xa78619d1fa6fbcb2!2sGloser+GmbH!5e0!3m2!1sde!2sde!4v1409043121519\" width=\"620\" height=\"350\" frameborder=\"0\"><\/iframe><\/p>\n<p>Oder QR-Code scannen f\u00fcr die Routenplanung mit Google-Maps auf Ihrem Smartphone.<br \/>\n<img loading=\"lazy\" decoding=\"async\" src=\"https:\/\/www.gloser.de\/start\/wp-content\/uploads\/2018\/10\/maps.png\" alt=\"\" width=\"192\" height=\"192\" \/><\/p>\n","protected":false},"excerpt":{"rendered":"<p>Einfach QR-Code scannen und unsere Adressdaten bequem auf Ihr Smartphone \u00fcbertragen. Postanschrift GLOSER GmbH Grombacher Stra\u00dfe 64 D-75045 Walzbachtal Telefon +49 7203 9 24 93-0 Telefax +49 7203 9 24 93-29 E-Mail info@gloser.de Internet-Adresse www.gloser.de \u00d6ffnungszeiten B\u00fcro Montag &#8211; Donnerstag 7:00 &#8211; 15:45 Uhr Freitags 7:00 &#8211; 14:30 Uhr Oder QR-Code scannen f\u00fcr die Routenplanung &hellip; <a href=\"https:\/\/www.gloser.de\/start\/kontakt\/\" class=\"more-link\"><span class=\"screen-reader-text\">Kontakt<\/span> weiterlesen<\/a><\/p>\n","protected":false},"author":1,"featured_media":0,"parent":0,"menu_order":0,"comment_status":"closed","ping_status":"closed","template":"","meta":{"footnotes":""},"class_list":["post-9","page","type-page","status-publish","hentry"],"_links":{"self":[{"href":"https:\/\/www.gloser.de\/start\/wp-json\/wp\/v2\/pages\/9","targetHints":{"allow":["GET"]}}],"collection":[{"href":"https:\/\/www.gloser.de\/start\/wp-json\/wp\/v2\/pages"}],"about":[{"href":"https:\/\/www.gloser.de\/start\/wp-json\/wp\/v2\/types\/page"}],"author":[{"embeddable":true,"href":"https:\/\/www.gloser.de\/start\/wp-json\/wp\/v2\/users\/1"}],"replies":[{"embeddable":true,"href":"https:\/\/www.gloser.de\/start\/wp-json\/wp\/v2\/comments?post=9"}],"version-history":[{"count":22,"href":"https:\/\/www.gloser.de\/start\/wp-json\/wp\/v2\/pages\/9\/revisions"}],"predecessor-version":[{"id":1026,"href":"https:\/\/www.gloser.de\/start\/wp-json\/wp\/v2\/pages\/9\/revisions\/1026"}],"wp:attachment":[{"href":"https:\/\/www.gloser.de\/start\/wp-json\/wp\/v2\/media?parent=9"}],"curies":[{"name":"wp","href":"https:\/\/api.w.org\/{rel}","templated":true}]}}