{"id":213,"date":"2017-06-27T13:56:15","date_gmt":"2017-06-27T11:56:15","guid":{"rendered":"http:\/\/localhost\/gloser\/?page_id=213"},"modified":"2018-01-23T10:36:14","modified_gmt":"2018-01-23T09:36:14","slug":"fahrgerueste","status":"publish","type":"page","link":"https:\/\/www.gloser.de\/start\/fahrgerueste\/","title":{"rendered":"Fahrger\u00fcste"},"content":{"rendered":"<p>Sie ben\u00f6tigen ein <strong>Fahrger\u00fcst? <\/strong>Bei der Gloser GmbH k\u00f6nnen Sie qualitativ hochwertige <strong>Fahrger\u00fcste <\/strong>von Layher <strong>mieten<\/strong>. Mit dem Baukastensystem von Layher Fahrger\u00fcste k\u00f6nnen unterschiedliche Anforderungen in Gr\u00f6\u00dfe und H\u00f6he erf\u00fcllt werden.<br \/>\nDie Fahrger\u00fcste zeichnen sich durch folgende Eigenschaften aus:<\/p>\n<ul>\n<li>Stabile B\u00f6den f\u00fcr ein sicheres und ausdauerndes Arbeiten<\/li>\n<li>Leichtigkeit durch Aluminium als Werkstoff<\/li>\n<li>Einrastklaue und geriffelte Sprossen<\/li>\n<li>Robuste Rollen<\/li>\n<\/ul>\n<p>Bei einer Mietung der Fahrger\u00fcste, fahren wir die Ger\u00fcste gerne direkt zu Ihnen.<\/p>\n<p>Melden Sie sich bei uns!<\/p>\n","protected":false},"excerpt":{"rendered":"<p>Sie ben\u00f6tigen ein Fahrger\u00fcst? Bei der Gloser GmbH k\u00f6nnen Sie qualitativ hochwertige Fahrger\u00fcste von Layher mieten. Mit dem Baukastensystem von Layher Fahrger\u00fcste k\u00f6nnen unterschiedliche Anforderungen in Gr\u00f6\u00dfe und H\u00f6he erf\u00fcllt werden. Die Fahrger\u00fcste zeichnen sich durch folgende Eigenschaften aus: Stabile B\u00f6den f\u00fcr ein sicheres und ausdauerndes Arbeiten Leichtigkeit durch Aluminium als Werkstoff Einrastklaue und geriffelte &hellip; <a href=\"https:\/\/www.gloser.de\/start\/fahrgerueste\/\" class=\"more-link\"><span class=\"screen-reader-text\">Fahrger\u00fcste<\/span> weiterlesen<\/a><\/p>\n","protected":false},"author":1,"featured_media":0,"parent":0,"menu_order":0,"comment_status":"closed","ping_status":"closed","template":"","meta":{"footnotes":""},"class_list":["post-213","page","type-page","status-publish","hentry"],"_links":{"self":[{"href":"https:\/\/www.gloser.de\/start\/wp-json\/wp\/v2\/pages\/213","targetHints":{"allow":["GET"]}}],"collection":[{"href":"https:\/\/www.gloser.de\/start\/wp-json\/wp\/v2\/pages"}],"about":[{"href":"https:\/\/www.gloser.de\/start\/wp-json\/wp\/v2\/types\/page"}],"author":[{"embeddable":true,"href":"https:\/\/www.gloser.de\/start\/wp-json\/wp\/v2\/users\/1"}],"replies":[{"embeddable":true,"href":"https:\/\/www.gloser.de\/start\/wp-json\/wp\/v2\/comments?post=213"}],"version-history":[{"count":12,"href":"https:\/\/www.gloser.de\/start\/wp-json\/wp\/v2\/pages\/213\/revisions"}],"predecessor-version":[{"id":918,"href":"https:\/\/www.gloser.de\/start\/wp-json\/wp\/v2\/pages\/213\/revisions\/918"}],"wp:attachment":[{"href":"https:\/\/www.gloser.de\/start\/wp-json\/wp\/v2\/media?parent=213"}],"curies":[{"name":"wp","href":"https:\/\/api.w.org\/{rel}","templated":true}]}}