{"id":211,"date":"2017-06-27T13:55:34","date_gmt":"2017-06-27T11:55:34","guid":{"rendered":"http:\/\/localhost\/gloser\/?page_id=211"},"modified":"2018-01-19T11:06:42","modified_gmt":"2018-01-19T10:06:42","slug":"sondergerueste","status":"publish","type":"page","link":"https:\/\/www.gloser.de\/start\/geruestbau-schutzsysteme\/sondergerueste\/","title":{"rendered":"Sonderger\u00fcste"},"content":{"rendered":"<p><div id=\"metaslider-id-548\" style=\"max-width: 620px;\" class=\"ml-slider-3-107-0 metaslider metaslider-flex metaslider-548 ml-slider ms-theme-default nav-hidden\" role=\"region\" aria-label=\"sondergerueste\" data-height=\"380\" data-width=\"620\">\n    <div id=\"metaslider_container_548\">\n        <div id=\"metaslider_548\">\n            <ul class='slides'>\n                <li style=\"display: block; width: 100%;\" class=\"slide-773 ms-image \" aria-roledescription=\"slide\" data-date=\"2017-12-14 12:46:26\" data-filename=\"sonderger1-620x380.jpg\" data-slide-type=\"image\"><img loading=\"lazy\" decoding=\"async\" src=\"https:\/\/www.gloser.de\/start\/wp-content\/uploads\/2017\/12\/sonderger1-620x380.jpg\" height=\"380\" width=\"620\" alt=\"\" class=\"slider-548 slide-773 msDefaultImage\" \/><\/li>\n                <li style=\"display: none; width: 100%;\" class=\"slide-549 ms-image \" aria-roledescription=\"slide\" data-date=\"2017-07-06 13:45:44\" data-filename=\"hochgerueste.jpg\" data-slide-type=\"image\"><img loading=\"lazy\" decoding=\"async\" src=\"https:\/\/www.gloser.de\/start\/wp-content\/uploads\/2017\/06\/hochgerueste.jpg\" height=\"380\" width=\"620\" alt=\"\" class=\"slider-548 slide-549 msDefaultImage\" \/><\/li>\n                <li style=\"display: none; width: 100%;\" class=\"slide-550 ms-image \" aria-roledescription=\"slide\" data-date=\"2017-07-06 13:46:24\" data-filename=\"sondergerueste.jpg\" data-slide-type=\"image\"><img loading=\"lazy\" decoding=\"async\" src=\"https:\/\/www.gloser.de\/start\/wp-content\/uploads\/2017\/06\/sondergerueste.jpg\" height=\"380\" width=\"620\" alt=\"\" class=\"slider-548 slide-550 msDefaultImage\" \/><\/li>\n                <li style=\"display: none; width: 100%;\" class=\"slide-551 ms-image \" aria-roledescription=\"slide\" data-date=\"2017-07-06 13:46:24\" data-filename=\"treppengeruest.jpg\" data-slide-type=\"image\"><img loading=\"lazy\" decoding=\"async\" src=\"https:\/\/www.gloser.de\/start\/wp-content\/uploads\/2017\/06\/treppengeruest.jpg\" height=\"380\" width=\"620\" alt=\"\" class=\"slider-548 slide-551 msDefaultImage\" \/><\/li>\n            <\/ul>\n        <\/div>\n        \n    <\/div>\n<\/div><br \/>\nWir bieten Ihnen:<\/p>\n<ul>\n<li><strong>Pontonger\u00fcste<\/strong><\/li>\n<li><strong>Treppenanlagen<\/strong><\/li>\n<li><strong>Skischanzen<\/strong><\/li>\n<li><strong>Kletterger\u00fcste<\/strong><\/li>\n<li><strong>Abdeckplanen<\/strong> und <strong>Abdecknetze<\/strong><\/li>\n<li><strong>Werbeger\u00fcste<\/strong> mit <strong><strong>Werbeplanen<\/strong><\/strong>&nbsp;<\/li>\n<\/ul>\n<p>und vieles mehr.<\/p>\n","protected":false},"excerpt":{"rendered":"<p>Wir bieten Ihnen: Pontonger\u00fcste Treppenanlagen Skischanzen Kletterger\u00fcste Abdeckplanen und Abdecknetze Werbeger\u00fcste mit Werbeplanen&nbsp; und vieles mehr.<\/p>\n","protected":false},"author":1,"featured_media":0,"parent":206,"menu_order":0,"comment_status":"closed","ping_status":"closed","template":"","meta":{"footnotes":""},"class_list":["post-211","page","type-page","status-publish","hentry"],"_links":{"self":[{"href":"https:\/\/www.gloser.de\/start\/wp-json\/wp\/v2\/pages\/211","targetHints":{"allow":["GET"]}}],"collection":[{"href":"https:\/\/www.gloser.de\/start\/wp-json\/wp\/v2\/pages"}],"about":[{"href":"https:\/\/www.gloser.de\/start\/wp-json\/wp\/v2\/types\/page"}],"author":[{"embeddable":true,"href":"https:\/\/www.gloser.de\/start\/wp-json\/wp\/v2\/users\/1"}],"replies":[{"embeddable":true,"href":"https:\/\/www.gloser.de\/start\/wp-json\/wp\/v2\/comments?post=211"}],"version-history":[{"count":5,"href":"https:\/\/www.gloser.de\/start\/wp-json\/wp\/v2\/pages\/211\/revisions"}],"predecessor-version":[{"id":884,"href":"https:\/\/www.gloser.de\/start\/wp-json\/wp\/v2\/pages\/211\/revisions\/884"}],"up":[{"embeddable":true,"href":"https:\/\/www.gloser.de\/start\/wp-json\/wp\/v2\/pages\/206"}],"wp:attachment":[{"href":"https:\/\/www.gloser.de\/start\/wp-json\/wp\/v2\/media?parent=211"}],"curies":[{"name":"wp","href":"https:\/\/api.w.org\/{rel}","templated":true}]}}